{"id":976,"date":"2021-06-30T14:07:44","date_gmt":"2021-06-30T11:07:44","guid":{"rendered":"https:\/\/www.taurupesskola.lv\/mazozoli\/?page_id=976"},"modified":"2023-01-02T14:21:39","modified_gmt":"2023-01-02T14:21:39","slug":"uznemsanas-kartiba","status":"publish","type":"page","link":"https:\/\/www.taurupesskola.lv\/mazozoli\/uznemsana\/uznemsanas-kartiba\/","title":{"rendered":"Uz\u0146em\u0161anas k\u0101rt\u012bba"},"content":{"rendered":"<h3>Piesaki savu b\u0113rnu Mazozolu fili\u0101l\u0113!<\/h3>\n<p>Aizpildi pieteikumu un nog\u0101d\u0101 uz skolu fili\u0101les vad\u012bt\u0101jai vai pa e-pastu mazozolusk@ogresnovads.lv<\/p>\n<h5>1. Piesaki savu b\u0113rnu skolai sev \u0113rt\u0101 darba dien\u0101. Fili\u0101les vad\u012bt\u0101ja vienosies ar Jums par kl\u0101tienes vai tie\u0161saistes tik\u0161anos.<\/h5>\n<blockquote><p><a href=\"http:\/\/www.taurupesskola.lv\/mazozoli\/wp-content\/uploads\/sites\/3\/2023\/01\/IESNIEGUMS_Maz.pdf\">Pieteikums.docx<\/a><\/p><\/blockquote>\n<h5>2.Skol\u0113na, vec\u0101ka\/-u\/ aizbild\u0146a\/-u tik\u0161an\u0101s ar fili\u0101les vad\u012bt\u0101ju, kuras laik\u0101:<\/h5>\n<ul>\n<li>izprot nepiecie\u0161amos atbalsta meh\u0101nismu orient\u0113joties uz b\u0113rna vajadz\u012bb\u0101m;<\/li>\n<li>iepaz\u012bstina ar skolas vidi;<\/li>\n<li>iepaz\u012bstina ar klases audzin\u0101t\u0101ju.<\/li>\n<\/ul>\n<h5>3. Re\u0123istr\u0113 b\u0113rnu izgl\u012bt\u012bbas iest\u0101d\u0113. L\u012bdzi nepiecie\u0161ams:<\/h5>\n<ol>\n<li>B\u0113rna dzim\u0161anas apliec\u012bbas ori\u0123in\u0101ls;<\/li>\n<li>Vec\u0101ku vai aizbild\u0146u personas apliecino\u0161ie dokumenti (pase);<\/li>\n<li>Medicinisk\u0101s komisijas atzinums (ja attiecin\u0101ms);<\/li>\n<li>Pirmsskolas izgl\u012bt\u012bbu ieguves apliecino\u0161s dokuments, ja piesak\u0101s uz 1. klasi;<\/li>\n<li>Sekmju izraksts, ja piesak\u0101s uz 2.-9. klasi.<\/li>\n<\/ol>\n","protected":false},"excerpt":{"rendered":"<p>Piesaki savu b\u0113rnu Mazozolu fili\u0101l\u0113! Aizpildi pieteikumu un nog\u0101d\u0101 uz skolu fili\u0101les vad\u012bt\u0101jai vai pa e-pastu mazozolusk@ogresnovads.lv 1. Piesaki savu b\u0113rnu skolai sev \u0113rt\u0101 darba dien\u0101. Fili\u0101les vad\u012bt\u0101ja vienosies ar Jums par kl\u0101tienes vai tie\u0161saistes tik\u0161anos. Pieteikums.docx 2.Skol\u0113na, vec\u0101ka\/-u\/ aizbild\u0146a\/-u tik\u0161an\u0101s ar fili\u0101les vad\u012bt\u0101ju, kuras laik\u0101: izprot nepiecie\u0161amos atbalsta meh\u0101nismu orient\u0113joties uz b\u0113rna vajadz\u012bb\u0101m; iepaz\u012bstina [&hellip;]<\/p>\n","protected":false},"author":1,"featured_media":0,"parent":351,"menu_order":0,"comment_status":"closed","ping_status":"closed","template":"","meta":{"_acf_changed":false,"footnotes":""},"class_list":["post-976","page","type-page","status-publish","hentry"],"acf":[],"_links":{"self":[{"href":"https:\/\/www.taurupesskola.lv\/mazozoli\/wp-json\/wp\/v2\/pages\/976","targetHints":{"allow":["GET"]}}],"collection":[{"href":"https:\/\/www.taurupesskola.lv\/mazozoli\/wp-json\/wp\/v2\/pages"}],"about":[{"href":"https:\/\/www.taurupesskola.lv\/mazozoli\/wp-json\/wp\/v2\/types\/page"}],"author":[{"embeddable":true,"href":"https:\/\/www.taurupesskola.lv\/mazozoli\/wp-json\/wp\/v2\/users\/1"}],"replies":[{"embeddable":true,"href":"https:\/\/www.taurupesskola.lv\/mazozoli\/wp-json\/wp\/v2\/comments?post=976"}],"version-history":[{"count":3,"href":"https:\/\/www.taurupesskola.lv\/mazozoli\/wp-json\/wp\/v2\/pages\/976\/revisions"}],"predecessor-version":[{"id":1952,"href":"https:\/\/www.taurupesskola.lv\/mazozoli\/wp-json\/wp\/v2\/pages\/976\/revisions\/1952"}],"up":[{"embeddable":true,"href":"https:\/\/www.taurupesskola.lv\/mazozoli\/wp-json\/wp\/v2\/pages\/351"}],"wp:attachment":[{"href":"https:\/\/www.taurupesskola.lv\/mazozoli\/wp-json\/wp\/v2\/media?parent=976"}],"curies":[{"name":"wp","href":"https:\/\/api.w.org\/{rel}","templated":true}]}}