{"id":231,"date":"2021-06-03T15:16:12","date_gmt":"2021-06-03T12:16:12","guid":{"rendered":"https:\/\/www.taurupesskola.lv\/mazozoli\/?page_id=231"},"modified":"2022-12-12T13:05:17","modified_gmt":"2022-12-12T13:05:17","slug":"arpusstundu-aktivitates","status":"publish","type":"page","link":"https:\/\/www.taurupesskola.lv\/mazozoli\/par-skolu\/arpusstundu-aktivitates\/","title":{"rendered":"\u0100rpusstundu aktivit\u0101tes"},"content":{"rendered":"<p>Mazozolu skol\u0101 tiek nodro\u0161in\u0101ti vair\u0101ki\u00a0 intere\u0161u izgl\u012bt\u012bbas pulci\u0146i, kur katrs skol\u0113ns var atrast sev interes\u0113jo\u0161o nodarbi, atbilsto\u0161i sav\u0101m v\u0113lm\u0113m.<\/p>\n","protected":false},"excerpt":{"rendered":"<p>Mazozolu skol\u0101 tiek nodro\u0161in\u0101ti vair\u0101ki\u00a0 intere\u0161u izgl\u012bt\u012bbas pulci\u0146i, kur katrs skol\u0113ns var atrast sev interes\u0113jo\u0161o nodarbi, atbilsto\u0161i sav\u0101m v\u0113lm\u0113m.<\/p>\n","protected":false},"author":1,"featured_media":0,"parent":140,"menu_order":1,"comment_status":"closed","ping_status":"closed","template":"","meta":{"_acf_changed":false,"footnotes":""},"class_list":["post-231","page","type-page","status-publish","hentry"],"acf":[],"_links":{"self":[{"href":"https:\/\/www.taurupesskola.lv\/mazozoli\/wp-json\/wp\/v2\/pages\/231","targetHints":{"allow":["GET"]}}],"collection":[{"href":"https:\/\/www.taurupesskola.lv\/mazozoli\/wp-json\/wp\/v2\/pages"}],"about":[{"href":"https:\/\/www.taurupesskola.lv\/mazozoli\/wp-json\/wp\/v2\/types\/page"}],"author":[{"embeddable":true,"href":"https:\/\/www.taurupesskola.lv\/mazozoli\/wp-json\/wp\/v2\/users\/1"}],"replies":[{"embeddable":true,"href":"https:\/\/www.taurupesskola.lv\/mazozoli\/wp-json\/wp\/v2\/comments?post=231"}],"version-history":[{"count":5,"href":"https:\/\/www.taurupesskola.lv\/mazozoli\/wp-json\/wp\/v2\/pages\/231\/revisions"}],"predecessor-version":[{"id":1891,"href":"https:\/\/www.taurupesskola.lv\/mazozoli\/wp-json\/wp\/v2\/pages\/231\/revisions\/1891"}],"up":[{"embeddable":true,"href":"https:\/\/www.taurupesskola.lv\/mazozoli\/wp-json\/wp\/v2\/pages\/140"}],"wp:attachment":[{"href":"https:\/\/www.taurupesskola.lv\/mazozoli\/wp-json\/wp\/v2\/media?parent=231"}],"curies":[{"name":"wp","href":"https:\/\/api.w.org\/{rel}","templated":true}]}}