{"id":1835,"date":"2022-12-08T08:24:35","date_gmt":"2022-12-08T08:24:35","guid":{"rendered":"https:\/\/www.taurupesskola.lv\/mazozoli\/?page_id=1835"},"modified":"2022-12-08T08:24:35","modified_gmt":"2022-12-08T08:24:35","slug":"skolas-biblioteka","status":"publish","type":"page","link":"https:\/\/www.taurupesskola.lv\/mazozoli\/skolas-biblioteka\/","title":{"rendered":"Skolas bibliot\u0113ka"},"content":{"rendered":"<p>2022.gad\u0101 kop\u0113jais gr\u0101matu un metodisko materi\u0101lu\u00a0 fonds \u00a0ir\u00a0 3700 eksempl\u0101ri. Gr\u0101matas\u00a0 sak\u0101rtotas plauktos atbilsto\u0161i katalogam. \u00a0Liel\u0101k\u0101 da\u013ca &#8211; m\u0101c\u012bbu gr\u0101matas un metodiskie materi\u0101li. Galven\u0101s aktivit\u0101tes-gr\u0101matu sv\u0113tki, dzejas dienu pas\u0101kumi, makulat\u016bras v\u0101k\u0161anas konkursi un \u00a0izzino\u0161i pas\u0101kumi, lai izgl\u012btojamie sp\u0113tu dom\u0101t-izzin\u0101t-dar\u012bt.<\/p>\n<p>Vair\u0101ku gadu garum\u0101 gr\u0101matu kr\u0101tuves vad\u012bt\u0101ja ir latvie\u0161u valodas skolot\u0101ja Vija J\u0113kabsone, kurai ir 0,1 darba slodze. Vi\u0146a regul\u0101ri sadarbojas ar m\u0101c\u012bbu priek\u0161metu skolot\u0101jiem, lai izgl\u012btojamie sa\u0146emtu nepiecie\u0161amos m\u0101c\u012bbu materi\u0101lus, k\u0101 ar\u012b ar Mazozolu pagasta bibliotek\u0101ri, lai br\u012bvaj\u0101 laik\u0101 izgl\u012btojamie var\u0113tu piev\u0113rsties pla\u0161\u0101kai dai\u013cliterat\u016bras gr\u0101matu las\u012b\u0161anai un\u00a0 papildus izmantot datorus ar\u00a0 interneta piesl\u0113gumu, jo bibliot\u0113kas atrodas net\u0101lu viena no otras. Skolas bibliot\u0113ku apmekl\u0113 izgl\u012btojamie, skolot\u0101ji un citi interesenti.<\/p>\n<p><strong>Darba laiks:<\/strong><\/p>\n<p>Pirmdiena 13.40-15.40<\/p>\n<p>Tre\u0161diena 13.40-15.40<\/p>\n","protected":false},"excerpt":{"rendered":"<p>2022.gad\u0101 kop\u0113jais gr\u0101matu un metodisko materi\u0101lu\u00a0 fonds \u00a0ir\u00a0 3700 eksempl\u0101ri. Gr\u0101matas\u00a0 sak\u0101rtotas plauktos atbilsto\u0161i katalogam. \u00a0Liel\u0101k\u0101 da\u013ca &#8211; m\u0101c\u012bbu gr\u0101matas un metodiskie materi\u0101li. Galven\u0101s aktivit\u0101tes-gr\u0101matu sv\u0113tki, dzejas dienu pas\u0101kumi, makulat\u016bras v\u0101k\u0161anas konkursi un \u00a0izzino\u0161i pas\u0101kumi, lai izgl\u012btojamie sp\u0113tu dom\u0101t-izzin\u0101t-dar\u012bt. Vair\u0101ku gadu garum\u0101 gr\u0101matu kr\u0101tuves vad\u012bt\u0101ja ir latvie\u0161u valodas skolot\u0101ja Vija J\u0113kabsone, kurai ir 0,1 darba [&hellip;]<\/p>\n","protected":false},"author":11,"featured_media":0,"parent":0,"menu_order":0,"comment_status":"closed","ping_status":"closed","template":"","meta":{"_acf_changed":false,"footnotes":""},"class_list":["post-1835","page","type-page","status-publish","hentry"],"acf":[],"_links":{"self":[{"href":"https:\/\/www.taurupesskola.lv\/mazozoli\/wp-json\/wp\/v2\/pages\/1835","targetHints":{"allow":["GET"]}}],"collection":[{"href":"https:\/\/www.taurupesskola.lv\/mazozoli\/wp-json\/wp\/v2\/pages"}],"about":[{"href":"https:\/\/www.taurupesskola.lv\/mazozoli\/wp-json\/wp\/v2\/types\/page"}],"author":[{"embeddable":true,"href":"https:\/\/www.taurupesskola.lv\/mazozoli\/wp-json\/wp\/v2\/users\/11"}],"replies":[{"embeddable":true,"href":"https:\/\/www.taurupesskola.lv\/mazozoli\/wp-json\/wp\/v2\/comments?post=1835"}],"version-history":[{"count":1,"href":"https:\/\/www.taurupesskola.lv\/mazozoli\/wp-json\/wp\/v2\/pages\/1835\/revisions"}],"predecessor-version":[{"id":1836,"href":"https:\/\/www.taurupesskola.lv\/mazozoli\/wp-json\/wp\/v2\/pages\/1835\/revisions\/1836"}],"wp:attachment":[{"href":"https:\/\/www.taurupesskola.lv\/mazozoli\/wp-json\/wp\/v2\/media?parent=1835"}],"curies":[{"name":"wp","href":"https:\/\/api.w.org\/{rel}","templated":true}]}}