{"id":140,"date":"2021-05-31T18:29:04","date_gmt":"2021-05-31T15:29:04","guid":{"rendered":"https:\/\/www.taurupesskola.lv\/mazozoli\/?page_id=140"},"modified":"2022-12-12T13:02:51","modified_gmt":"2022-12-12T13:02:51","slug":"par-skolu","status":"publish","type":"page","link":"https:\/\/www.taurupesskola.lv\/mazozoli\/par-skolu\/","title":{"rendered":"Par skolu"},"content":{"rendered":"<p>Pa\u0161\u0101 Latvijas \u0123eogr\u0101fiskaj\u0101 viduc\u012b, Latvijas augst\u0101k\u0101 kalna GAIZI\u0145A rietumu pak\u0101j\u0113, lielu me\u017eu ieskauts, l\u012bkumot\u0101s OGRES upes krast\u0101, atrodas Ogres novada\u00a0 att\u0101l\u0101kais pagasts &#8211; MAZOZOLI.<\/p>\n<p>Ogres novada kart\u0113 Mazozolu pagasts mekl\u0113jams ZA da\u013c\u0101 uz robe\u017eas ar ME\u0145\u0122ELES un TAURUPES pagastiem, k\u0101 ar\u012b ar C\u0112SU un MADONAS biju\u0161ajiem rajoniem.<\/p>\n<p>Liel\u0101k\u0101s apdz\u012bvot\u0101s vietas- BRAKI, MAZOZOLI un OGRESMUI\u017dA. Att\u0101lums l\u012bdz R\u012bgai- 86 km, l\u012bdz Ogrei- 57 km. Plat\u012bba 100,7 km<sup>2<\/sup>, iedz\u012bvot\u0101ju skaits ap 600.<\/p>\n<p>Izgl\u012bt\u012bbas v\u0113sture \u0161aj\u0101 apvid\u016b aizs\u0101kusies 1775. gad\u0101, kad tiek dibin\u0101ta Ogres draudzes skola, kuru vad\u012bjis draudzes \u0113r\u0123elnieks G. Rub\u012bns.<\/p>\n<p>No 1870.- 1877. gadam taj\u0101 pa\u0161\u0101 \u0113k\u0101 past\u0101v\u0113jusi G.Rub\u012bna meitas \u2013 A. Rub\u012bnas priv\u0101tskola.<\/p>\n<p>1874. gad\u0101 tika uzcelta OGRES \u010detru kla\u0161u pamatskola, kura p\u0101rb\u016bv\u0113ta 1924. gad\u0101 k\u0101 OGRES se\u0161u kla\u0161u pamatskola. Skola bijusi pati skaist\u0101k\u0101 vis\u0101 C\u0113su apri\u0146\u0137\u012b. T\u0101 izpost\u012bta 1945. gad\u0101 avi\u0101cijas uzlidojuma laik\u0101.<\/p>\n<p>P\u0113c kara skola atradusies\u00a0\u201cBurtnieku\u201d un \u201cSt\u016br\u012b\u0161u\u201d m\u0101j\u0101s, bet no 1952.- 1999. gadam biju\u0161aj\u0101 pagastnam\u0101 \u201cVecogre\u201d.<\/p>\n<p>1999. gada 1. septembr\u012b ekspluat\u0101cij\u0101 tiek nodota jaunceltne pagasta centr\u0101 pie biju\u0161\u0101 b\u0113rnud\u0101rza, kuras celtniec\u012bb\u0101 finansi\u0101lu pal\u012bdz\u012bbu sniedz kato\u013cu draudze no Holandes Oldenzaales pils\u0113tas.<\/p>\n<div class=\"embedded-entity\" data-entity-type=\"media\" data-entity-uuid=\"ec492846-696b-4475-893e-9bc0de5660a6\" data-image-popup=\"0\" data-langcode=\"lv\">\n<div><\/div>\n<\/div>\n","protected":false},"excerpt":{"rendered":"<p>Pa\u0161\u0101 Latvijas \u0123eogr\u0101fiskaj\u0101 viduc\u012b, Latvijas augst\u0101k\u0101 kalna GAIZI\u0145A rietumu pak\u0101j\u0113, lielu me\u017eu ieskauts, l\u012bkumot\u0101s OGRES upes krast\u0101, atrodas Ogres novada\u00a0 att\u0101l\u0101kais pagasts &#8211; MAZOZOLI. Ogres novada kart\u0113 Mazozolu pagasts mekl\u0113jams ZA da\u013c\u0101 uz robe\u017eas ar ME\u0145\u0122ELES un TAURUPES pagastiem, k\u0101 ar\u012b ar C\u0112SU un MADONAS biju\u0161ajiem rajoniem. Liel\u0101k\u0101s apdz\u012bvot\u0101s vietas- BRAKI, MAZOZOLI un OGRESMUI\u017dA. Att\u0101lums [&hellip;]<\/p>\n","protected":false},"author":1,"featured_media":1821,"parent":0,"menu_order":2,"comment_status":"closed","ping_status":"closed","template":"templates\/about-us-template.php","meta":{"_acf_changed":false,"footnotes":""},"class_list":["post-140","page","type-page","status-publish","has-post-thumbnail","hentry"],"acf":[],"_links":{"self":[{"href":"https:\/\/www.taurupesskola.lv\/mazozoli\/wp-json\/wp\/v2\/pages\/140","targetHints":{"allow":["GET"]}}],"collection":[{"href":"https:\/\/www.taurupesskola.lv\/mazozoli\/wp-json\/wp\/v2\/pages"}],"about":[{"href":"https:\/\/www.taurupesskola.lv\/mazozoli\/wp-json\/wp\/v2\/types\/page"}],"author":[{"embeddable":true,"href":"https:\/\/www.taurupesskola.lv\/mazozoli\/wp-json\/wp\/v2\/users\/1"}],"replies":[{"embeddable":true,"href":"https:\/\/www.taurupesskola.lv\/mazozoli\/wp-json\/wp\/v2\/comments?post=140"}],"version-history":[{"count":16,"href":"https:\/\/www.taurupesskola.lv\/mazozoli\/wp-json\/wp\/v2\/pages\/140\/revisions"}],"predecessor-version":[{"id":1890,"href":"https:\/\/www.taurupesskola.lv\/mazozoli\/wp-json\/wp\/v2\/pages\/140\/revisions\/1890"}],"wp:featuredmedia":[{"embeddable":true,"href":"https:\/\/www.taurupesskola.lv\/mazozoli\/wp-json\/wp\/v2\/media\/1821"}],"wp:attachment":[{"href":"https:\/\/www.taurupesskola.lv\/mazozoli\/wp-json\/wp\/v2\/media?parent=140"}],"curies":[{"name":"wp","href":"https:\/\/api.w.org\/{rel}","templated":true}]}}